{"id":114,"date":"2026-01-03T12:31:51","date_gmt":"2026-01-03T12:31:51","guid":{"rendered":"https:\/\/infihome.be\/?page_id=114"},"modified":"2026-01-13T18:46:22","modified_gmt":"2026-01-13T18:46:22","slug":"contact","status":"publish","type":"page","link":"https:\/\/infihome.be\/index.php\/contact\/","title":{"rendered":"Contact"},"content":{"rendered":"<p>[et_pb_section fb_built=\u00a0\u00bb1&Prime; admin_label=\u00a0\u00bbHeader\u00a0\u00bb _builder_version=\u00a0\u00bb4.19.3&Prime; _module_preset=\u00a0\u00bbdefault\u00a0\u00bb locked=\u00a0\u00bboff\u00a0\u00bb collapsed=\u00a0\u00bbon\u00a0\u00bb global_colors_info=\u00a0\u00bb{}\u00a0\u00bb][et_pb_row column_structure=\u00a0\u00bb1_2,1_2&Prime; make_equal=\u00a0\u00bbon\u00a0\u00bb _builder_version=\u00a0\u00bb4.27.5&Prime; _module_preset=\u00a0\u00bbdefault\u00a0\u00bb global_colors_info=\u00a0\u00bb{}\u00a0\u00bb][et_pb_column type=\u00a0\u00bb1_2&Prime; _builder_version=\u00a0\u00bb4.19.3&Prime; _module_preset=\u00a0\u00bbdefault\u00a0\u00bb z_index=\u00a0\u00bb10&Prime; custom_padding=\u00a0\u00bb4%||||false|false\u00a0\u00bb custom_padding_tablet=\u00a0\u00bb0%||||false|false\u00a0\u00bb custom_padding_phone=\u00a0\u00bb0%||||false|false\u00a0\u00bb custom_padding_last_edited=\u00a0\u00bbon|tablet\u00a0\u00bb global_colors_info=\u00a0\u00bb{}\u00a0\u00bb][et_pb_text _builder_version=\u00a0\u00bb4.19.3&Prime; _module_preset=\u00a0\u00bb512c081a-fee8-4827-b036-66e4eafad2c7&Prime; header_text_color=\u00a0\u00bb#0e2d41&Prime; custom_margin=\u00a0\u00bb|-48%|||false|false\u00a0\u00bb custom_margin_tablet=\u00a0\u00bb|0%|||false|false\u00a0\u00bb custom_margin_phone=\u00a0\u00bb|0%|||false|false\u00a0\u00bb custom_margin_last_edited=\u00a0\u00bbon|tablet\u00a0\u00bb global_colors_info=\u00a0\u00bb{}\u00a0\u00bb]<\/p>\n<h1><span style=\"color: rgba(14, 45, 65, 0.8);\">Besoin d&rsquo;une infirmi\u00e8re<\/span> <span style=\"color: #42dbb3;\">?<\/span><\/h1>\n<p>[\/et_pb_text][et_pb_contact_form captcha=\u00a0\u00bboff\u00a0\u00bb email=\u00a0\u00bbinfo@infihome.be\u00a0\u00bb _builder_version=\u00a0\u00bb4.27.5&Prime; _module_preset=\u00a0\u00bb0d011bc5-3c9a-467a-aa01-b4e4b00712b3&Prime; background_color=\u00a0\u00bb#FFFFFF\u00a0\u00bb button_bg_color=\u00a0\u00bb#0e2d41&Prime; custom_margin=\u00a0\u00bb|-48%|||false|false\u00a0\u00bb custom_margin_tablet=\u00a0\u00bb|0%|||false|false\u00a0\u00bb custom_margin_phone=\u00a0\u00bb|0%|||false|false\u00a0\u00bb custom_margin_last_edited=\u00a0\u00bbon|desktop\u00a0\u00bb custom_padding=\u00a0\u00bb60px|60px|60px||true|false\u00a0\u00bb custom_padding_tablet=\u00a0\u00bb30px|0px|30px|0px|true|true\u00a0\u00bb custom_padding_phone=\u00a0\u00bb20px||20px||true|true\u00a0\u00bb custom_padding_last_edited=\u00a0\u00bbon|desktop\u00a0\u00bb hover_enabled=\u00a0\u00bb0&Prime; locked=\u00a0\u00bboff\u00a0\u00bb global_colors_info=\u00a0\u00bb{%22gcid-a7422b2f-47f3-46f2-9b9e-dc87bab6d79c%22:%91%22background_color%22%93,%22gcid-555099d8-0bfe-48de-9d1d-02daa12bfc00%22:%91%22form_field_text_color%22,%22form_field_text_color%22%93}\u00a0\u00bb sticky_enabled=\u00a0\u00bb0&Prime;][et_pb_contact_field field_id=\u00a0\u00bbVOTRE_NOM\u00a0\u00bb field_title=\u00a0\u00bbNOM\u00a0\u00bb _builder_version=\u00a0\u00bb4.27.5&Prime; _module_preset=\u00a0\u00bbdefault\u00a0\u00bb global_colors_info=\u00a0\u00bb{}\u00a0\u00bb button_text_size__hover_enabled=\u00a0\u00bboff\u00a0\u00bb button_one_text_size__hover_enabled=\u00a0\u00bboff\u00a0\u00bb button_two_text_size__hover_enabled=\u00a0\u00bboff\u00a0\u00bb button_text_color__hover_enabled=\u00a0\u00bboff\u00a0\u00bb button_one_text_color__hover_enabled=\u00a0\u00bboff\u00a0\u00bb button_two_text_color__hover_enabled=\u00a0\u00bboff\u00a0\u00bb button_border_width__hover_enabled=\u00a0\u00bboff\u00a0\u00bb button_one_border_width__hover_enabled=\u00a0\u00bboff\u00a0\u00bb button_two_border_width__hover_enabled=\u00a0\u00bboff\u00a0\u00bb button_border_color__hover_enabled=\u00a0\u00bboff\u00a0\u00bb button_one_border_color__hover_enabled=\u00a0\u00bboff\u00a0\u00bb button_two_border_color__hover_enabled=\u00a0\u00bboff\u00a0\u00bb button_border_radius__hover_enabled=\u00a0\u00bboff\u00a0\u00bb button_one_border_radius__hover_enabled=\u00a0\u00bboff\u00a0\u00bb button_two_border_radius__hover_enabled=\u00a0\u00bboff\u00a0\u00bb button_letter_spacing__hover_enabled=\u00a0\u00bboff\u00a0\u00bb button_one_letter_spacing__hover_enabled=\u00a0\u00bboff\u00a0\u00bb button_two_letter_spacing__hover_enabled=\u00a0\u00bboff\u00a0\u00bb button_bg_color__hover_enabled=\u00a0\u00bboff\u00a0\u00bb button_one_bg_color__hover_enabled=\u00a0\u00bboff\u00a0\u00bb button_two_bg_color__hover_enabled=\u00a0\u00bboff\u00a0\u00bb][\/et_pb_contact_field][et_pb_contact_field field_id=\u00a0\u00bbVOTRE_EMAIL\u00a0\u00bb field_title=\u00a0\u00bbEMAIL\u00a0\u00bb field_type=\u00a0\u00bbemail\u00a0\u00bb _builder_version=\u00a0\u00bb4.27.5&Prime; _module_preset=\u00a0\u00bbdefault\u00a0\u00bb hover_enabled=\u00a0\u00bb0&Prime; global_colors_info=\u00a0\u00bb{}\u00a0\u00bb button_text_size__hover_enabled=\u00a0\u00bboff\u00a0\u00bb button_one_text_size__hover_enabled=\u00a0\u00bboff\u00a0\u00bb button_two_text_size__hover_enabled=\u00a0\u00bboff\u00a0\u00bb button_text_color__hover_enabled=\u00a0\u00bboff\u00a0\u00bb button_one_text_color__hover_enabled=\u00a0\u00bboff\u00a0\u00bb button_two_text_color__hover_enabled=\u00a0\u00bboff\u00a0\u00bb button_border_width__hover_enabled=\u00a0\u00bboff\u00a0\u00bb button_one_border_width__hover_enabled=\u00a0\u00bboff\u00a0\u00bb button_two_border_width__hover_enabled=\u00a0\u00bboff\u00a0\u00bb button_border_color__hover_enabled=\u00a0\u00bboff\u00a0\u00bb button_one_border_color__hover_enabled=\u00a0\u00bboff\u00a0\u00bb button_two_border_color__hover_enabled=\u00a0\u00bboff\u00a0\u00bb button_border_radius__hover_enabled=\u00a0\u00bboff\u00a0\u00bb button_one_border_radius__hover_enabled=\u00a0\u00bboff\u00a0\u00bb button_two_border_radius__hover_enabled=\u00a0\u00bboff\u00a0\u00bb button_letter_spacing__hover_enabled=\u00a0\u00bboff\u00a0\u00bb button_one_letter_spacing__hover_enabled=\u00a0\u00bboff\u00a0\u00bb button_two_letter_spacing__hover_enabled=\u00a0\u00bboff\u00a0\u00bb button_bg_color__hover_enabled=\u00a0\u00bboff\u00a0\u00bb button_one_bg_color__hover_enabled=\u00a0\u00bboff\u00a0\u00bb button_two_bg_color__hover_enabled=\u00a0\u00bboff\u00a0\u00bb sticky_enabled=\u00a0\u00bb0&Prime;][\/et_pb_contact_field][et_pb_contact_field fullwidth_field=\u00a0\u00bbon\u00a0\u00bb _builder_version=\u00a0\u00bb4.27.5&Prime; _module_preset=\u00a0\u00bbdefault\u00a0\u00bb field_id=\u00a0\u00bbVOTRE_NUMERO_DE_TELEPHONE\u00a0\u00bb field_title=\u00a0\u00bbNUMERO DE TELEPHONE\u00a0\u00bb hover_enabled=\u00a0\u00bb0&Prime; sticky_enabled=\u00a0\u00bb0&Prime;][\/et_pb_contact_field][et_pb_contact_field field_id=\u00a0\u00bbVOTRE_MESSAGE\u00a0\u00bb field_title=\u00a0\u00bbVOTRE MESSAGE\u00a0\u00bb field_type=\u00a0\u00bbtext\u00a0\u00bb fullwidth_field=\u00a0\u00bbon\u00a0\u00bb _builder_version=\u00a0\u00bb4.27.5&Prime; _module_preset=\u00a0\u00bbdefault\u00a0\u00bb global_colors_info=\u00a0\u00bb{}\u00a0\u00bb button_text_size__hover_enabled=\u00a0\u00bboff\u00a0\u00bb button_one_text_size__hover_enabled=\u00a0\u00bboff\u00a0\u00bb button_two_text_size__hover_enabled=\u00a0\u00bboff\u00a0\u00bb button_text_color__hover_enabled=\u00a0\u00bboff\u00a0\u00bb button_one_text_color__hover_enabled=\u00a0\u00bboff\u00a0\u00bb button_two_text_color__hover_enabled=\u00a0\u00bboff\u00a0\u00bb button_border_width__hover_enabled=\u00a0\u00bboff\u00a0\u00bb button_one_border_width__hover_enabled=\u00a0\u00bboff\u00a0\u00bb button_two_border_width__hover_enabled=\u00a0\u00bboff\u00a0\u00bb button_border_color__hover_enabled=\u00a0\u00bboff\u00a0\u00bb button_one_border_color__hover_enabled=\u00a0\u00bboff\u00a0\u00bb button_two_border_color__hover_enabled=\u00a0\u00bboff\u00a0\u00bb button_border_radius__hover_enabled=\u00a0\u00bboff\u00a0\u00bb button_one_border_radius__hover_enabled=\u00a0\u00bboff\u00a0\u00bb button_two_border_radius__hover_enabled=\u00a0\u00bboff\u00a0\u00bb button_letter_spacing__hover_enabled=\u00a0\u00bboff\u00a0\u00bb button_one_letter_spacing__hover_enabled=\u00a0\u00bboff\u00a0\u00bb button_two_letter_spacing__hover_enabled=\u00a0\u00bboff\u00a0\u00bb button_bg_color__hover_enabled=\u00a0\u00bboff\u00a0\u00bb button_one_bg_color__hover_enabled=\u00a0\u00bboff\u00a0\u00bb button_two_bg_color__hover_enabled=\u00a0\u00bboff\u00a0\u00bb][\/et_pb_contact_field][\/et_pb_contact_form][\/et_pb_column][et_pb_column type=\u00a0\u00bb1_2&Prime; _builder_version=\u00a0\u00bb4.27.5&Prime; _module_preset=\u00a0\u00bbdefault\u00a0\u00bb background_image=\u00a0\u00bbhttp:\/\/infihome.be\/wp-content\/uploads\/2026\/01\/pexels-shkrabaanthony-5215024-scaled.jpg\u00a0\u00bb global_colors_info=\u00a0\u00bb{}\u00a0\u00bb][et_pb_divider show_divider=\u00a0\u00bboff\u00a0\u00bb _builder_version=\u00a0\u00bb4.19.5&Prime; _module_preset=\u00a0\u00bbdefault\u00a0\u00bb height_tablet=\u00a0\u00bb40vw\u00a0\u00bb height_phone=\u00a0\u00bb40vw\u00a0\u00bb height_last_edited=\u00a0\u00bbon|desktop\u00a0\u00bb global_colors_info=\u00a0\u00bb{}\u00a0\u00bb][\/et_pb_divider][\/et_pb_column][\/et_pb_row][et_pb_row column_structure=\u00a0\u00bb1_2,1_2&Prime; _builder_version=\u00a0\u00bb4.20.0&Prime; _module_preset=\u00a0\u00bbdefault\u00a0\u00bb global_colors_info=\u00a0\u00bb{}\u00a0\u00bb][et_pb_column type=\u00a0\u00bb1_2&Prime; _builder_version=\u00a0\u00bb4.20.0&Prime; _module_preset=\u00a0\u00bbdefault\u00a0\u00bb global_colors_info=\u00a0\u00bb{}\u00a0\u00bb][et_pb_text _builder_version=\u00a0\u00bb4.20.0&Prime; _module_preset=\u00a0\u00bb7cac761d-394a-405c-b15e-ce07f6f4b9a2&Prime; header_2_text_color=\u00a0\u00bb#0e2d41&Prime; custom_margin_tablet=\u00a0\u00bb|0%|||false|false\u00a0\u00bb custom_margin_phone=\u00a0\u00bb|0%|||false|false\u00a0\u00bb custom_margin_last_edited=\u00a0\u00bboff|desktop\u00a0\u00bb locked=\u00a0\u00bboff\u00a0\u00bb global_colors_info=\u00a0\u00bb{}\u00a0\u00bb]<\/p>\n<h2><span style=\"color: #42dbb3;\">Heures d&rsquo;ouverture<\/span><\/h2>\n<p>[\/et_pb_text][et_pb_text _builder_version=\u00a0\u00bb4.27.5&Prime; _module_preset=\u00a0\u00bb87040ded-c5d4-476f-905f-ddd707926e87&Prime; link_text_color=\u00a0\u00bbgcid-1b9885b1-d5db-4c39-ab49-d8f90e824600&Prime; locked=\u00a0\u00bboff\u00a0\u00bb global_colors_info=\u00a0\u00bb{%22gcid-1b9885b1-d5db-4c39-ab49-d8f90e824600%22:%91%22text_text_color%22,%22link_text_color%22%93}\u00a0\u00bb]<\/p>\n<p><span>445 bte 2 Rue de Grand-Bigard,<\/span><br \/><span>1082 Berchem-Saint-Agathe<\/span><\/p>\n<p>[\/et_pb_text][et_pb_text _builder_version=\u00a0\u00bb4.27.5&Prime; _module_preset=\u00a0\u00bb87040ded-c5d4-476f-905f-ddd707926e87&Prime; link_text_color=\u00a0\u00bbgcid-1b9885b1-d5db-4c39-ab49-d8f90e824600&Prime; locked=\u00a0\u00bboff\u00a0\u00bb global_colors_info=\u00a0\u00bb{%22gcid-1b9885b1-d5db-4c39-ab49-d8f90e824600%22:%91%22text_text_color%22,%22link_text_color%22%93}\u00a0\u00bb]<\/p>\n<p><span>+32 470 61 83 20<\/span><\/p>\n<p>[\/et_pb_text][et_pb_text _builder_version=\u00a0\u00bb4.27.5&Prime; _module_preset=\u00a0\u00bb87040ded-c5d4-476f-905f-ddd707926e87&Prime; link_text_color=\u00a0\u00bbgcid-1b9885b1-d5db-4c39-ab49-d8f90e824600&Prime; locked=\u00a0\u00bboff\u00a0\u00bb global_colors_info=\u00a0\u00bb{%22gcid-1b9885b1-d5db-4c39-ab49-d8f90e824600%22:%91%22text_text_color%22,%22link_text_color%22%93}\u00a0\u00bb]<\/p>\n<p><a href=\"mailto:#\">info@infihome.be<\/a><\/p>\n<p>[\/et_pb_text][\/et_pb_column][et_pb_column type=\u00a0\u00bb1_2&Prime; _builder_version=\u00a0\u00bb4.20.0&Prime; _module_preset=\u00a0\u00bbdefault\u00a0\u00bb global_colors_info=\u00a0\u00bb{}\u00a0\u00bb][et_pb_text _builder_version=\u00a0\u00bb4.27.5&Prime; _module_preset=\u00a0\u00bb87040ded-c5d4-476f-905f-ddd707926e87&Prime; text_text_color=\u00a0\u00bb#326963&Prime; text_line_height=\u00a0\u00bb2em\u00a0\u00bb global_colors_info=\u00a0\u00bb{}\u00a0\u00bb]<\/p>\n<table class=\"c-hours-details\" style=\"height: 168px;\">\n<tbody>\n<tr class=\"c-hours-details-row js-day-of-week-row highlight-text is-today js-is-today\" data-day-of-week-start-index=\"3\" data-day-of-week-end-index=\"3\" itemprop=\"openingHours\" content=\"We 8:00-17:00\" style=\"height: 24px;\">\n<td class=\"c-hours-details-row-day\" style=\"height: 24px; width: 32.9219px;\"><span style=\"color: #333333;\">Lun<\/span><\/td>\n<td class=\"c-hours-details-row-intervals\" style=\"height: 24px; width: 138.844px;\"><span class=\"c-hours-details-row-intervals-instance js-hours-interval-instance\" data-twenty-four-hour-clock=\"false\" data-open-interval-start=\"800\" data-open-interval-end=\"1700\" data-midnight-text=\"Open until midnight\" data-open-until-text=\"Open until\" data-close-at-text=\"Closed at\" style=\"color: #333333;\"><span class=\"c-hours-details-row-intervals-instance-open\">9:00 AM<\/span><span class=\"c-hours-details-row-intervals-instance-separator\" aria-label=\"To\">\u00a0&#8211;\u00a0<\/span><span class=\"c-hours-details-row-intervals-instance-close\">5:00 PM<\/span><\/span><\/td>\n<\/tr>\n<tr class=\"c-hours-details-row js-day-of-week-row highlight-text\" data-day-of-week-start-index=\"4\" data-day-of-week-end-index=\"4\" itemprop=\"openingHours\" content=\"Th 8:00-17:00\" style=\"height: 24px;\">\n<td class=\"c-hours-details-row-day\" style=\"height: 24px; width: 32.9219px;\"><span style=\"color: #333333;\">Mar<\/span><\/td>\n<td class=\"c-hours-details-row-intervals\" style=\"height: 24px; width: 138.844px;\"><span class=\"c-hours-details-row-intervals-instance js-hours-interval-instance\" data-twenty-four-hour-clock=\"false\" data-open-interval-start=\"800\" data-open-interval-end=\"1700\" data-midnight-text=\"Open until midnight\" data-open-until-text=\"Open until\" data-close-at-text=\"Closed at\" style=\"color: #333333;\"><span class=\"c-hours-details-row-intervals-instance-open\">9:00 AM<\/span><span class=\"c-hours-details-row-intervals-instance-separator\" aria-label=\"To\">\u00a0&#8211;\u00a0<\/span><span class=\"c-hours-details-row-intervals-instance-close\">5:00 PM<\/span><\/span><\/td>\n<\/tr>\n<tr class=\"c-hours-details-row js-day-of-week-row highlight-text\" data-day-of-week-start-index=\"5\" data-day-of-week-end-index=\"5\" itemprop=\"openingHours\" content=\"Fr 8:00-17:00\" style=\"height: 24px;\">\n<td class=\"c-hours-details-row-day\" style=\"height: 24px; width: 32.9219px;\"><span style=\"color: #333333;\">Mer<\/span><\/td>\n<td class=\"c-hours-details-row-intervals\" style=\"height: 24px; width: 138.844px;\"><span class=\"c-hours-details-row-intervals-instance js-hours-interval-instance\" data-twenty-four-hour-clock=\"false\" data-open-interval-start=\"800\" data-open-interval-end=\"1700\" data-midnight-text=\"Open until midnight\" data-open-until-text=\"Open until\" data-close-at-text=\"Closed at\" style=\"color: #333333;\"><span class=\"c-hours-details-row-intervals-instance-open\">9:00 AM<\/span><span class=\"c-hours-details-row-intervals-instance-separator\" aria-label=\"To\">\u00a0&#8211;\u00a0<\/span><span class=\"c-hours-details-row-intervals-instance-close\">5:00 PM<\/span><\/span><\/td>\n<\/tr>\n<tr class=\"c-hours-details-row js-day-of-week-row highlight-text\" data-day-of-week-start-index=\"6\" data-day-of-week-end-index=\"6\" itemprop=\"openingHours\" content=\"Sa Closed\" style=\"height: 24px;\">\n<td class=\"c-hours-details-row-day\" style=\"height: 24px; width: 32.9219px;\"><span style=\"color: #333333;\">Jeu<\/span><\/td>\n<td class=\"c-hours-details-row-intervals\" style=\"height: 24px; width: 138.844px;\"><span class=\"c-hours-details-row-intervals-instance js-hours-interval-instance\" data-twenty-four-hour-clock=\"false\" data-open-interval-start=\"800\" data-open-interval-end=\"1700\" data-midnight-text=\"Open until midnight\" data-open-until-text=\"Open until\" data-close-at-text=\"Closed at\" style=\"color: #333333;\"><span class=\"c-hours-details-row-intervals-instance-open\">9:00 AM<\/span><span class=\"c-hours-details-row-intervals-instance-separator\" aria-label=\"To\">\u00a0&#8211;\u00a0<\/span><span class=\"c-hours-details-row-intervals-instance-close\">5:00 PM<\/span><\/span><\/td>\n<\/tr>\n<tr class=\"c-hours-details-row js-day-of-week-row highlight-text\" data-day-of-week-start-index=\"0\" data-day-of-week-end-index=\"0\" itemprop=\"openingHours\" content=\"Su Closed\" style=\"height: 24px;\">\n<td class=\"c-hours-details-row-day\" style=\"height: 24px; width: 32.9219px;\"><span style=\"color: #333333;\">Ven<\/span><\/td>\n<td class=\"c-hours-details-row-intervals\" style=\"height: 24px; width: 138.844px;\"><span class=\"c-hours-details-row-intervals-instance js-hours-interval-instance\" data-twenty-four-hour-clock=\"false\" data-open-interval-start=\"800\" data-open-interval-end=\"1700\" data-midnight-text=\"Open until midnight\" data-open-until-text=\"Open until\" data-close-at-text=\"Closed at\" style=\"color: #333333;\"><span class=\"c-hours-details-row-intervals-instance-open\">9:00 AM<\/span><span class=\"c-hours-details-row-intervals-instance-separator\" aria-label=\"To\">\u00a0&#8211;\u00a0<\/span><span class=\"c-hours-details-row-intervals-instance-close\">5:00 PM<\/span><\/span><\/td>\n<\/tr>\n<tr class=\"c-hours-details-row js-day-of-week-row highlight-text\" data-day-of-week-start-index=\"1\" data-day-of-week-end-index=\"1\" itemprop=\"openingHours\" content=\"Mo 8:00-17:00\" style=\"height: 24px;\">\n<td class=\"c-hours-details-row-day\" style=\"height: 24px; width: 32.9219px;\"><span style=\"color: #333333;\">Sam<\/span><\/td>\n<td class=\"c-hours-details-row-intervals\" style=\"height: 24px; width: 138.844px;\"><span class=\"c-hours-details-row-intervals-instance js-hours-interval-instance\" data-twenty-four-hour-clock=\"false\" data-open-interval-start=\"800\" data-open-interval-end=\"1700\" data-midnight-text=\"Open until midnight\" data-open-until-text=\"Open until\" data-close-at-text=\"Closed at\" style=\"color: #333333;\"><span class=\"c-hours-details-row-intervals-instance-open\">9:00 AM<\/span><span class=\"c-hours-details-row-intervals-instance-separator\" aria-label=\"To\">\u00a0&#8211;\u00a0<\/span><span class=\"c-hours-details-row-intervals-instance-close\">5:00 PM<\/span><\/span><\/td>\n<\/tr>\n<tr class=\"c-hours-details-row js-day-of-week-row highlight-text\" data-day-of-week-start-index=\"2\" data-day-of-week-end-index=\"2\" itemprop=\"openingHours\" content=\"Tu 8:00-17:00\" style=\"height: 24px;\">\n<td class=\"c-hours-details-row-day\" style=\"height: 24px; width: 32.9219px;\"><span style=\"color: #333333;\">Dim<\/span><\/td>\n<td class=\"c-hours-details-row-intervals\" style=\"height: 24px; width: 138.844px;\">Ferm\u00e9<\/td>\n<\/tr>\n<\/tbody>\n<\/table>\n<p>[\/et_pb_text][\/et_pb_column][\/et_pb_row][\/et_pb_section][et_pb_section fb_built=\u00a0\u00bb1&Prime; admin_label=\u00a0\u00bbFooter\u00a0\u00bb _builder_version=\u00a0\u00bb4.27.4&Prime; _module_preset=\u00a0\u00bbdefault\u00a0\u00bb background_color=\u00a0\u00bbgcid-1b9885b1-d5db-4c39-ab49-d8f90e824600&Prime; custom_margin=\u00a0\u00bb||-69px|||\u00a0\u00bb saved_tabs=\u00a0\u00bball\u00a0\u00bb locked=\u00a0\u00bboff\u00a0\u00bb collapsed=\u00a0\u00bbon\u00a0\u00bb global_colors_info=\u00a0\u00bb{%22gcid-1b9885b1-d5db-4c39-ab49-d8f90e824600%22:%91%22background_color%22%93}\u00a0\u00bb][et_pb_row column_structure=\u00a0\u00bb1_4,3_4&Prime; _builder_version=\u00a0\u00bb4.19.3&Prime; _module_preset=\u00a0\u00bbdefault\u00a0\u00bb global_colors_info=\u00a0\u00bb{}\u00a0\u00bb][et_pb_column type=\u00a0\u00bb1_4&Prime; _builder_version=\u00a0\u00bb4.19.3&Prime; _module_preset=\u00a0\u00bbdefault\u00a0\u00bb global_colors_info=\u00a0\u00bb{}\u00a0\u00bb][et_pb_image src=\u00a0\u00bbhttp:\/\/infihome.be\/wp-content\/uploads\/2026\/01\/logo-infihome30.png\u00a0\u00bb title_text=\u00a0\u00bbbf_20_tb_11&Prime; _builder_version=\u00a0\u00bb4.27.5&Prime; _module_preset=\u00a0\u00bbdefault\u00a0\u00bb width=\u00a0\u00bb55%\u00a0\u00bb max_width=\u00a0\u00bb51%\u00a0\u00bb global_colors_info=\u00a0\u00bb{}\u00a0\u00bb][\/et_pb_image][\/et_pb_column][et_pb_column type=\u00a0\u00bb3_4&Prime; _builder_version=\u00a0\u00bb4.19.3&Prime; _module_preset=\u00a0\u00bbdefault\u00a0\u00bb global_colors_info=\u00a0\u00bb{}\u00a0\u00bb][\/et_pb_column][\/et_pb_row][et_pb_row column_structure=\u00a0\u00bb2_5,3_5&Prime; _builder_version=\u00a0\u00bb4.19.3&Prime; _module_preset=\u00a0\u00bbdefault\u00a0\u00bb global_colors_info=\u00a0\u00bb{}\u00a0\u00bb][et_pb_column type=\u00a0\u00bb2_5&Prime; _builder_version=\u00a0\u00bb4.19.3&Prime; _module_preset=\u00a0\u00bbdefault\u00a0\u00bb global_colors_info=\u00a0\u00bb{}\u00a0\u00bb][et_pb_text _builder_version=\u00a0\u00bb4.27.5&Prime; _module_preset=\u00a0\u00bb9f22c4d1-1b0c-4bd6-882b-9e18ea529da3&Prime; header_4_text_color=\u00a0\u00bb#FFFFFF\u00a0\u00bb global_colors_info=\u00a0\u00bb{}\u00a0\u00bb]<\/p>\n<h4>Contactez Nous<\/h4>\n<p>[\/et_pb_text][et_pb_blurb use_icon=\u00a0\u00bbon\u00a0\u00bb font_icon=\u00a0\u00bb&#xe090;||divi||400&Prime; _builder_version=\u00a0\u00bb4.27.5&Prime; _module_preset=\u00a0\u00bbbe1d1488-9071-4dfa-872b-9e235f3a0918&Prime; header_font_size_tablet=\u00a0\u00bb15px\u00a0\u00bb header_font_size_phone=\u00a0\u00bb14px\u00a0\u00bb header_font_size_last_edited=\u00a0\u00bbon|desktop\u00a0\u00bb locked=\u00a0\u00bboff\u00a0\u00bb global_colors_info=\u00a0\u00bb{}\u00a0\u00bb]<\/p>\n<p><span>+32 470 61 83 20<\/span><\/p>\n<p>[\/et_pb_blurb][et_pb_blurb use_icon=\u00a0\u00bbon\u00a0\u00bb font_icon=\u00a0\u00bb&#xe076;||divi||400&Prime; _builder_version=\u00a0\u00bb4.27.5&Prime; _module_preset=\u00a0\u00bbbe1d1488-9071-4dfa-872b-9e235f3a0918&Prime; body_link_text_color=\u00a0\u00bb#FFFFFF\u00a0\u00bb header_font_size_tablet=\u00a0\u00bb15px\u00a0\u00bb header_font_size_phone=\u00a0\u00bb14px\u00a0\u00bb header_font_size_last_edited=\u00a0\u00bbon|desktop\u00a0\u00bb locked=\u00a0\u00bboff\u00a0\u00bb global_colors_info=\u00a0\u00bb{}\u00a0\u00bb]<\/p>\n<p><a href=\"mailto:#\">info@<\/a>infihome.be<\/p>\n<p>[\/et_pb_blurb][et_pb_blurb use_icon=\u00a0\u00bbon\u00a0\u00bb font_icon=\u00a0\u00bb&#xf3c5;||fa||900&Prime; _builder_version=\u00a0\u00bb4.27.5&Prime; _module_preset=\u00a0\u00bbbe1d1488-9071-4dfa-872b-9e235f3a0918&Prime; header_font_size_tablet=\u00a0\u00bb15px\u00a0\u00bb header_font_size_phone=\u00a0\u00bb14px\u00a0\u00bb header_font_size_last_edited=\u00a0\u00bbon|desktop\u00a0\u00bb locked=\u00a0\u00bboff\u00a0\u00bb global_colors_info=\u00a0\u00bb{}\u00a0\u00bb]<\/p>\n<p>445 bte 2 Rue de Grand-Bigard,<br \/>1082 Berchem-Saint-Agathe<\/p>\n<p>[\/et_pb_blurb][\/et_pb_column][et_pb_column type=\u00a0\u00bb3_5&Prime; _builder_version=\u00a0\u00bb4.19.3&Prime; _module_preset=\u00a0\u00bbdefault\u00a0\u00bb global_colors_info=\u00a0\u00bb{}\u00a0\u00bb][et_pb_text _builder_version=\u00a0\u00bb4.27.4&Prime; _module_preset=\u00a0\u00bbf6dddbe8-8869-48b3-a7e9-fa0541f2c57f\u00a0\u00bb text_text_color=\u00a0\u00bb#FFFFFF\u00a0\u00bb global_colors_info=\u00a0\u00bb{}\u00a0\u00bb]<\/p>\n<h4><span style=\"color: #ffffff;\">Pour planifier une visite, demander des informations ou organiser un suivi r\u00e9gulier, vous pouvez :<\/span><\/h4>\n<p>[\/et_pb_text][et_pb_text _builder_version=\u00a0\u00bb4.27.4&Prime; _module_preset=\u00a0\u00bbf6dddbe8-8869-48b3-a7e9-fa0541f2c57f\u00a0\u00bb text_text_color=\u00a0\u00bb#FFFFFF\u00a0\u00bb global_colors_info=\u00a0\u00bb{}\u00a0\u00bb]<\/p>\n<ul data-start=\"4336\" data-end=\"4458\">\n<li data-start=\"4336\" data-end=\"4365\">\n<p data-start=\"4338\" data-end=\"4365\">Nous appeler directement,<\/p>\n<\/li>\n<li data-start=\"4366\" data-end=\"4407\">\n<p data-start=\"4368\" data-end=\"4407\">R\u00e9server vos soins <strong data-start=\"4387\" data-end=\"4404\">en ligne 24\/7<\/strong>,<\/p>\n<\/li>\n<li data-start=\"4408\" data-end=\"4458\">\n<p data-start=\"4410\" data-end=\"4458\">Remplir le formulaire de contact sur notre site.<\/p>\n<\/li>\n<\/ul>\n<p data-start=\"4460\" data-end=\"4576\">Notre \u00e9quipe vous r\u00e9pond dans les plus brefs d\u00e9lais et organise une prise en charge personnalis\u00e9e selon vos besoins.<\/p>\n<p>[\/et_pb_text][\/et_pb_column][\/et_pb_row][et_pb_row _builder_version=\u00a0\u00bb4.19.3&Prime; _module_preset=\u00a0\u00bbdefault\u00a0\u00bb global_colors_info=\u00a0\u00bb{}\u00a0\u00bb][et_pb_column type=\u00a0\u00bb4_4&Prime; _builder_version=\u00a0\u00bb4.19.3&Prime; _module_preset=\u00a0\u00bbdefault\u00a0\u00bb global_colors_info=\u00a0\u00bb{}\u00a0\u00bb][et_pb_text _builder_version=\u00a0\u00bb4.27.4&Prime; _dynamic_attributes=\u00a0\u00bbcontent\u00a0\u00bb _module_preset=\u00a0\u00bbf6dddbe8-8869-48b3-a7e9-fa0541f2c57f\u00a0\u00bb text_text_color=\u00a0\u00bb#FFFFFF\u00a0\u00bb text_orientation=\u00a0\u00bbcenter\u00a0\u00bb global_colors_info=\u00a0\u00bb{}\u00a0\u00bb]@ET-DC@eyJkeW5hbWljIjp0cnVlLCJjb250ZW50IjoiY3VycmVudF9kYXRlIiwic2V0dGluZ3MiOnsiYmVmb3JlIjoiQ29weXJpZ2h0ICZjb3B5OyAiLCJhZnRlciI6IiBPSEIgQ09OU1VMVC4gQWxsIFJpZ2h0cyBSZXNlcnZlZC4iLCJkYXRlX2Zvcm1hdCI6ImN1c3RvbSIsImN1c3RvbV9kYXRlX2Zvcm1hdCI6IlkifX0=@[\/et_pb_text][\/et_pb_column][\/et_pb_row][\/et_pb_section]<\/p>\n","protected":false},"excerpt":{"rendered":"<p>Besoin d&rsquo;une infirmi\u00e8re ?Heures d&rsquo;ouverture445 bte 2 Rue de Grand-Bigard,1082 Berchem-Saint-Agathe+32 470 61 83 20info@infihome.be Lun 9:00 AM\u00a0&#8211;\u00a05:00 PM Mar 9:00 AM\u00a0&#8211;\u00a05:00 PM Mer 9:00 AM\u00a0&#8211;\u00a05:00 PM Jeu 9:00 AM\u00a0&#8211;\u00a05:00 PM Ven 9:00 AM\u00a0&#8211;\u00a05:00 PM Sam 9:00 AM\u00a0&#8211;\u00a05:00 PM Dim Ferm\u00e9 Contactez Nous+32 470 61 83 20info@infihome.be445 bte 2 Rue de Grand-Bigard,1082 Berchem-Saint-AgathePour planifier une [&hellip;]<\/p>\n","protected":false},"author":1,"featured_media":0,"parent":0,"menu_order":0,"comment_status":"closed","ping_status":"closed","template":"","meta":{"_et_pb_use_builder":"on","_et_pb_old_content":"","_et_gb_content_width":"","footnotes":""},"class_list":["post-114","page","type-page","status-publish","hentry"],"_links":{"self":[{"href":"https:\/\/infihome.be\/index.php\/wp-json\/wp\/v2\/pages\/114","targetHints":{"allow":["GET"]}}],"collection":[{"href":"https:\/\/infihome.be\/index.php\/wp-json\/wp\/v2\/pages"}],"about":[{"href":"https:\/\/infihome.be\/index.php\/wp-json\/wp\/v2\/types\/page"}],"author":[{"embeddable":true,"href":"https:\/\/infihome.be\/index.php\/wp-json\/wp\/v2\/users\/1"}],"replies":[{"embeddable":true,"href":"https:\/\/infihome.be\/index.php\/wp-json\/wp\/v2\/comments?post=114"}],"version-history":[{"count":15,"href":"https:\/\/infihome.be\/index.php\/wp-json\/wp\/v2\/pages\/114\/revisions"}],"predecessor-version":[{"id":320,"href":"https:\/\/infihome.be\/index.php\/wp-json\/wp\/v2\/pages\/114\/revisions\/320"}],"wp:attachment":[{"href":"https:\/\/infihome.be\/index.php\/wp-json\/wp\/v2\/media?parent=114"}],"curies":[{"name":"wp","href":"https:\/\/api.w.org\/{rel}","templated":true}]}}